What are the prime factors of 6207492668?
2, 13, 119374859
List the prime factors of 2374389630.
2, 3, 5, 26382107
What are the prime factors of 3963759322?
2, 4363, 454247
What are the prime factors of 1906572681?
3, 13, 5431831
List the prime factors of 83807426.
2, 41903713
What are the prime factors of 47445936?
2, 3, 47, 21031
List the prime factors of 36654329.
17, 167, 12911
List the prime factors of 39623219.
39623219
What are the prime factors of 19806524?
2, 53, 93427
List the prime factors of 1793792903.
7, 7927, 32327
What are the prime factors of 2501224368?
2, 3, 349, 149309
List the prime factors of 203258225.
5, 8130329
What are the prime factors of 14759690?
2, 5, 11, 109, 1231
List the prime factors of 252298399.
252298399
What are the prime factors of 6761367647?
89, 75970423
What are the prime factors of 771675701?
3797, 203233
List the prime factors of 28328146.
2, 7, 11, 183949
List the prime factors of 325609157.
53, 6143569
What are the prime factors of 95365548?
2, 3, 31, 85453
List the prime factors of 263590401.
3, 19, 4624393
What are the prime factors of 1197241991?
11, 43, 2531167
List the prime factors of 127363366.
2, 13, 151, 32441
What are the prime factors of 8641491?
3, 17, 23, 53, 139
List the prime factors of 723249390.
2, 3, 5, 24108313
What are the prime factors of 34065737?
23, 277, 5347
List the prime factors of 43691640.
2, 3, 5, 19, 19163
What are the prime factors of 118648451?
3617, 32803
List the prime factors of 6563061798.
2, 3, 41, 2647, 10079
List the prime factors of 424704353.
17, 139, 191, 941
List the prime factors of 195642432.
2, 3, 43, 2633
What are the prime factors of 27107101?
7, 109, 35527
List the prime factors of 284784369.
3, 19, 607, 8231
What are the prime factors of 155652404?
2, 5879, 6619
List the prime factors of 92226637.
409, 225493
List the prime factors of 334673121.
3, 111557707
What are the prime factors of 153782995?
5, 30756599
What are the prime factors of 108577539?
3, 7, 1723453
What are the prime factors of 469234239?
3, 29, 199, 27103
List the prime factors of 3281937.
3, 37, 29567
List the prime factors of 333578090.
2, 5, 43, 18041
List the prime factors of 297041231.
19, 15633749
What are the prime factors of 127052939?
13, 9773303
List the prime factors of 476742770.
2, 5, 7, 563, 12097
What are the prime factors of 97792160?
2, 5, 17, 157, 229
List the prime factors of 111931372.
2, 7, 3997549
List the prime factors of 5331684.
2, 3, 444307
What are the prime factors of 84809254?
2, 37, 1146071
What are the prime factors of 44556603?
3, 7, 13, 163211
What are the prime factors of 3958774885?
5, 13, 41, 1485469
List the prime factors of 128842563.
3, 29, 443, 3343
What are the prime factors of 30827253?
3, 19, 37, 47, 311
List the prime factors of 5199548.
2, 1299887
List the prime factors of 5899223981.
7, 842746283
What are the prime factors of 5351207?
937, 5711
List the prime factors of 5972337646.
2, 11, 271469893
List the prime factors of 275594143.
11, 25054013
List the prime factors of 60299339.
60299339
What are the prime factors of 282266955?
3, 5, 257, 24407
What are the prime factors of 87613256?
2, 19, 23, 1319
List the prime factors of 7528742.
2, 13, 47, 61, 101
What are the prime factors of 197575092?
2, 3, 11, 13, 1163
List the prime factors of 82165363.
7, 11737909
What are the prime factors of 1527220257?
3, 11393, 44683
What are the prime factors of 536325335?
5, 7, 13, 168391
List the prime factors of 176965867.
13, 19, 71, 10091
List the prime factors of 50644477.
13, 3895729
What are the prime factors of 33462796?
2, 8365699
What are the prime factors of 191083574?
2, 11, 179, 48523
List the prime factors of 162806944.
2, 43, 179, 661
What are the prime factors of 433875982?
2, 19, 191, 59779
What are the prime factors of 487035561?
3, 3251, 49937
List the prime factors of 592691997.
3, 197563999
List the prime factors of 2553324468.
2, 3, 683, 311533
List the prime factors of 32676956.
2, 13, 103, 6101
What are the prime factors of 30271437?
3, 7, 480499
List the prime factors of 53884976.
2, 3367811
List the prime factors of 967803580.
2, 5, 43, 26171
What are the prime factors of 39626041?
7, 13, 435451
List the prime factors of 38361116.
2, 853, 11243
What are the prime factors of 13261078?
2, 6630539
List the prime factors of 74966449.
127, 277, 2131
What are the prime factors of 1125602460?
2, 3, 5, 2084449
List the prime factors of 59010095.
5, 83, 142193
List the prime factors of 3580995459.
3, 449, 2658497
List the prime factors of 6222901358.
2, 71, 43823249
What are the prime factors of 302844290?
2, 5, 7, 17, 254491
What are the prime factors of 354861854?
2, 499, 355573
List the prime factors of 231715714.
2, 5531, 20947
What are the prime factors of 19545949?
113, 172973
What are the prime factors of 443419742?
2, 9187, 24133
List the prime factors of 231398251.
7, 33056893
List the prime factors of 2759613352.
2, 19, 18155351
List the prime factors of 2916432228.
2, 3, 103, 503, 4691
What are the prime factors of 39702465?
3, 5, 11, 80207
List the prime factors of 55620990.
2, 3, 5, 37, 16703
List the prime factors of 20505577.
61, 336157
What are the prime factors of 57350856?
2, 3, 2389619
List the prime factors of 204024272.
2, 12751517
List the prime factors of 21883979.
13, 129491
List the prime factors of 42706136.
2, 11, 79, 6143
List the prime factors of 238891185.
3, 5, 13, 408361
What are the prime factors of 162472223?
162472223
List the prime factors of 4365229240.
2, 5, 2251, 48481
List the prime factors of 1269128428.
2, 101, 1663, 1889
List the prime factors of 813754596.
2, 3, 67812883
What are the prime factors of 164324531?
7, 2383, 9851
List the prime factors of 1848071214.
2, 3, 11, 19, 54583
What are the prime factors of 57561715?
5, 11512343
What are the prime factors of 227684631?
3, 75894877
What are the prime factors of 426970102?
2, 13, 947, 17341
List the prime factors of 75360693.
3, 47, 534473
What are the prime factors of 113130282?
2, 3, 18855047
What are the prime factors of 1477216360?
2, 5, 17, 1009, 2153
List the prime factors of 297438844.
2, 19, 3913669
List the prime factors of 103454764.
2, 7, 3694813
What are the prime factors of 101032074?
2, 3, 11, 13, 39251
What are the prime factors of 451120836?
2, 3, 359, 104717
What are the prime factors of 43885679?
23, 211, 9043
What are the prime factors of 2078763559?
31, 127, 619, 853
List the prime factors of 37701252.
2, 3, 167, 6271
What are the prime factors of 344134482?
2, 3, 57355747
List the prime factors of 126862510.
2, 5, 12686251
List the prime factors of 101489109.
3, 33829703
List the prime factors of 3613978741.
2551, 1416691
What are the prime factors of 145776343?
17, 8575079
What are the prime factors of 5642801401?
61, 92504941
List the prime factors of 129876594.
2, 3, 21646099
What are the prime factors of 295660986?
2, 3, 397, 124123
List the prime factors of 99917.
41, 2437
List the prime factors of 2974118533.
17, 1153, 151733
List the prime factors of 178366304.
2, 5573947
What are the prime factors of 10212022?
2, 5106011
What are the prime factors of 459782504?
2, 211, 272383
What are the prime factors of 2148098435?
5, 7, 61374241
What are the prime factors of 66620130?
2, 3, 5, 2220671
List the prime factors of 1079856315.
3, 5, 223, 107609
What are the prime factors of 2486490695?
5, 13, 43, 131, 6791
What are the prime factors of 15810303?
3, 5270101
List the prime factors of 86657849.
86657849
List the prime factors of 10497032.
2, 7, 13, 14419
List the prime factors of 319493043.
3, 3923, 9049
List the prime factors of 433924986.
2, 3, 11, 1879, 3499
List the prime factors of 156590991.
3, 53, 328283
List the prime factors of 680699477.
25889, 26293
List the prime factors of 992189822.
2, 13, 269, 141863
List the prime factors of 209755474.
2, 104877737
List the prime factors of 175091976.
2, 3, 17, 41, 1163
What are the prime factors of 31819275?
3, 5, 103, 1373
List the prime factors of 532090820.
2, 5, 17, 19, 31, 2657
List the prime factors of 5385318449.
7, 61, 12611987
What are the prime factors of 26035040?
2, 5, 29, 31, 181
What are the prime factors of 155250028?
2, 38812507
List the prime